{"id":5008,"date":"2015-05-20T11:45:57","date_gmt":"2015-05-20T11:45:57","guid":{"rendered":"http:\/\/stylemixthemes.com\/masterstudy\/demo\/?page_id=8"},"modified":"2025-10-11T18:42:57","modified_gmt":"2025-10-11T18:42:57","slug":"front-page","status":"publish","type":"page","link":"https:\/\/educatce.cl\/radio\/","title":{"rendered":"Front Page"},"content":{"rendered":"\t\t<div data-elementor-type=\"wp-page\" data-elementor-id=\"5008\" class=\"elementor elementor-5008\">\n\t\t\t\t\t\t<section class=\"elementor-section elementor-top-section elementor-element elementor-element-c1c52c8 elementor-section-full_width elementor-section-height-default elementor-section-height-default\" data-id=\"c1c52c8\" data-element_type=\"section\" data-settings=\"{&quot;background_background&quot;:&quot;classic&quot;}\">\n\t\t\t\t\t\t<div class=\"elementor-container elementor-column-gap-no\">\n\t\t\t\t\t<div class=\"elementor-column elementor-col-100 elementor-top-column elementor-element elementor-element-c1c6322\" data-id=\"c1c6322\" data-element_type=\"column\">\n\t\t\t<div class=\"elementor-widget-wrap elementor-element-populated\">\n\t\t\t\t\t\t<div class=\"elementor-element elementor-element-c1c66a1 elementor-widget elementor-widget-slider_revolution\" data-id=\"c1c66a1\" data-element_type=\"widget\" data-widget_type=\"slider_revolution.default\">\n\t\t\t\t<div class=\"elementor-widget-container\">\n\t\t\t\t\t\n\t\t<div class=\"wp-block-themepunch-revslider\">\n\t\t\t\t<p class=\"rs-p-wp-fix\"><\/p>\n\t\t\t\t<sr7-module data-alias=\"home_slider\" data-id=\"1\" id=\"SR7_1_1\" class=\"rs-ov-hidden\" data-version=\"6.7.23\">\n\t\t\t\t\t<sr7-adjuster><\/sr7-adjuster>\n\t\t\t\t\t<sr7-content>\n\t\t\t\t\t\t<sr7-slide id=\"SR7_1_1-1\" data-key=\"1\">\n\t\t\t\t\t\t\t<sr7-bg id=\"SR7_1_1-1-9\" class=\"sr7-layer\"><noscript><img decoding=\"async\" src=\"https:\/\/educatce.cl\/radio\/wp-content\/uploads\/2025\/04\/fondo_nino.png\" alt=\"\" title=\"fondo_nino\"><\/noscript><\/sr7-bg>\n\t\t\t\t\t\t\t<sr7-txt id=\"SR7_1_1-1-2\" class=\"sr7-layer\"><span class=\"yellow\">\u00a1BIENVENIDOS<\/span><br> A LA RADIO CATCE!<\/sr7-txt>\n\t\t\t\t\t\t\t<sr7-txt id=\"SR7_1_1-1-8\" class=\"sr7-layer\">Proyecto escolar  del colegio Adventista<br \/>\n Talcahuano Centro<br <\/sr7-txt>\n\t\t\t\t\t\t<\/sr7-slide>\n\t\t\t\t\t\t<sr7-slide id=\"SR7_1_1-2\" data-key=\"2\">\n\t\t\t\t\t\t\t<sr7-bg id=\"SR7_1_1-2-5\" class=\"sr7-layer\"><noscript><img decoding=\"async\" src=\"https:\/\/educatce.cl\/radio\/wp-content\/uploads\/2025\/04\/diapo_02.jpg\" alt=\"\" title=\"diapo_02\"><\/noscript><\/sr7-bg>\n\t\t\t\t\t\t\t<sr7-txt id=\"SR7_1_1-2-2\" class=\"sr7-layer\"><span class=\"yellow\"> \u00a1YA ESTAMOS<\/span><br>PREPARANDO <\/span><br> NOVEDADES!<\/sr7-txt>\n\t\t\t\t\t\t<\/sr7-slide>\n\t\t\t\t\t\t<sr7-slide id=\"SR7_1_1-4\" data-key=\"4\">\n\t\t\t\t\t\t\t<sr7-bg id=\"SR7_1_1-4-6\" class=\"sr7-layer\"><noscript><img decoding=\"async\" src=\"https:\/\/educatce.cl\/radio\/wp-content\/uploads\/2025\/04\/diapo_08.png\" alt=\"\" title=\"diapo_08\"><\/noscript><\/sr7-bg>\n\t\t\t\t\t\t\t<sr7-txt id=\"SR7_1_1-4-5\" class=\"sr7-layer\">Enciende la m\u00fasica y apaga el silencio<\/sr7-txt>\n\t\t\t\t\t\t<\/sr7-slide>\n\t\t\t\t\t\t<sr7-slide id=\"SR7_1_1-3\" data-key=\"3\">\n\t\t\t\t\t\t<\/sr7-slide>\n\t\t\t\t\t<\/sr7-content>\n\t\t\t\t\t<image_lists style=\"display:none\">\n\t\t\t\t\t\t<img data-src=\"\/\/educatce.cl\/radio\/wp-content\/uploads\/2025\/04\/nino.png\" data-libid=\"5318\" data-lib=\"medialibrary\" title=\"nino\" width=\"0\" height=\"0\" data-dbsrc=\"Ly9lZHVjYXRjZS5jbC9yYWRpby93cC1jb250ZW50L3VwbG9hZHMvMjAyNS8wNC9uaW5vLnBuZw==\"\/>\n\t\t\t\t\t\t<img data-src=\"\/\/educatce.cl\/radio\/wp-content\/uploads\/2025\/04\/fondo_nino.png\" data-libid=\"5317\" data-lib=\"medialibrary\" title=\"fondo_nino\" width=\"0\" height=\"0\" data-dbsrc=\"Ly9lZHVjYXRjZS5jbC9yYWRpby93cC1jb250ZW50L3VwbG9hZHMvMjAyNS8wNC9mb25kb19uaW5vLnBuZw==\"\/>\n\t\t\t\t\t\t<img data-src=\"\/\/educatce.cl\/radio\/wp-content\/uploads\/2025\/04\/diapo_02.jpg\" data-libid=\"5292\" data-lib=\"medialibrary\" title=\"diapo_02\" width=\"0\" height=\"0\" data-dbsrc=\"Ly9lZHVjYXRjZS5jbC9yYWRpby93cC1jb250ZW50L3VwbG9hZHMvMjAyNS8wNC9kaWFwb18wMi5qcGc=\"\/>\n\t\t\t\t\t\t<img loading=\"lazy\" data-src=\"\/\/educatce.cl\/radio\/wp-content\/uploads\/2025\/04\/diapo_08.png\" data-libid=\"5321\" data-lib=\"medialibrary\" title=\"diapo_08\" width=\"0\" height=\"0\" data-dbsrc=\"Ly9lZHVjYXRjZS5jbC9yYWRpby93cC1jb250ZW50L3VwbG9hZHMvMjAyNS8wNC9kaWFwb18wOC5wbmc=\"\/>\n\t\t\t\t\t<\/image_lists>\n\t\t\t\t<\/sr7-module>\n\t\t\t\t<script>\n\t\t\t\t\tSR7.PMH ??={}; SR7.PMH[\"SR7_1_1\"] = {cn:100,state:false,fn: function() { if (_tpt!==undefined && _tpt.prepareModuleHeight !== undefined) {  _tpt.prepareModuleHeight({id:\"SR7_1_1\",el:[700,700,650,400,500],type:'standard',shdw:'0',gh:[700,700,720,400,500],gw:[1200,1200,990,778,480],vpt:['-100px&#039;,&#039;-100px&#039;,&#039;-100px&#039;,&#039;-100px&#039;,&#039;-100px'],size:{fullWidth:true, fullHeight:false},mh:'0',onh:0,onw:0,bg:{color:'{\"orig\":\"transparent\",\"type\":\"solid\",\"string\":\"transparent\"}'}});   SR7.PMH[\"SR7_1_1\"].state=true;} else if(SR7.PMH[\"SR7_1_1\"].cn-->0)\tsetTimeout( SR7.PMH[\"SR7_1_1\"].fn,19);}};SR7.PMH[\"SR7_1_1\" ].fn();\n\t\t\t\t<\/script>\n<\/div>\n\n\t\t\t\t\t\t<\/div>\n\t\t\t\t<\/div>\n\t\t\t\t\t<\/div>\n\t\t<\/div>\n\t\t\t\t\t<\/div>\n\t\t<\/section>\n\t\t\t\t<section class=\"elementor-section elementor-top-section elementor-element elementor-element-c1ce4bf elementor-section-stretched elementor-hidden-mobile elementor-section-boxed elementor-section-height-default elementor-section-height-default\" data-id=\"c1ce4bf\" data-element_type=\"section\" data-settings=\"{&quot;background_background&quot;:&quot;classic&quot;,&quot;stretch_section&quot;:&quot;section-stretched&quot;}\">\n\t\t\t\t\t\t<div class=\"elementor-container elementor-column-gap-default\">\n\t\t\t\t\t<div class=\"elementor-column elementor-col-100 elementor-top-column elementor-element elementor-element-c1ce8bd\" data-id=\"c1ce8bd\" data-element_type=\"column\">\n\t\t\t<div class=\"elementor-widget-wrap elementor-element-populated\">\n\t\t\t\t\t\t<div class=\"elementor-element elementor-element-a61d36b elementor-widget elementor-widget-text-editor\" data-id=\"a61d36b\" data-element_type=\"widget\" data-widget_type=\"text-editor.default\">\n\t\t\t\t<div class=\"elementor-widget-container\">\n\t\t\t\t\t\t\t\t\t<h2 style=\"text-align: center;\"><span style=\"color: #ffffff;\">TRANSMISI\u00d3N<\/span> 24 \/ 7 QUE SORPRENDE<\/h2>\n\t\t\t\t\t\t\t\t<\/div>\n\t\t\t\t<\/div>\n\t\t\t\t\t<\/div>\n\t\t<\/div>\n\t\t\t\t\t<\/div>\n\t\t<\/section>\n\t\t\t\t<section class=\"elementor-section elementor-top-section elementor-element elementor-element-86259d5 elementor-section-stretched elementor-hidden-desktop elementor-section-boxed elementor-section-height-default elementor-section-height-default\" data-id=\"86259d5\" data-element_type=\"section\" data-settings=\"{&quot;background_background&quot;:&quot;classic&quot;,&quot;stretch_section&quot;:&quot;section-stretched&quot;}\">\n\t\t\t\t\t\t<div class=\"elementor-container elementor-column-gap-default\">\n\t\t\t\t\t<div class=\"elementor-column elementor-col-100 elementor-top-column elementor-element elementor-element-15a5acb\" data-id=\"15a5acb\" data-element_type=\"column\">\n\t\t\t<div class=\"elementor-widget-wrap elementor-element-populated\">\n\t\t\t\t\t\t<div class=\"elementor-element elementor-element-b61fe64 elementor-widget elementor-widget-text-editor\" data-id=\"b61fe64\" data-element_type=\"widget\" data-widget_type=\"text-editor.default\">\n\t\t\t\t<div class=\"elementor-widget-container\">\n\t\t\t\t\t\t\t\t\t<h3 style=\"text-align: center;\"><span style=\"color: #ffffff;\">TRANSMISI\u00d3N<\/span> 24 \/ 7<\/h3>\n\t\t\t\t\t\t\t\t<\/div>\n\t\t\t\t<\/div>\n\t\t\t\t\t<\/div>\n\t\t<\/div>\n\t\t\t\t\t<\/div>\n\t\t<\/section>\n\t\t\t\t<section class=\"elementor-section elementor-top-section elementor-element elementor-element-5ea7cd9 elementor-section-stretched elementor-hidden-mobile elementor-section-boxed elementor-section-height-default elementor-section-height-default\" data-id=\"5ea7cd9\" data-element_type=\"section\" data-settings=\"{&quot;background_background&quot;:&quot;classic&quot;,&quot;stretch_section&quot;:&quot;section-stretched&quot;}\">\n\t\t\t\t\t\t<div class=\"elementor-container elementor-column-gap-default\">\n\t\t\t\t\t<div class=\"elementor-column elementor-col-25 elementor-top-column elementor-element elementor-element-bff9a92\" data-id=\"bff9a92\" data-element_type=\"column\">\n\t\t\t<div class=\"elementor-widget-wrap\">\n\t\t\t\t\t\t\t<\/div>\n\t\t<\/div>\n\t\t\t\t<div class=\"elementor-column elementor-col-25 elementor-top-column elementor-element elementor-element-d77d766\" data-id=\"d77d766\" data-element_type=\"column\">\n\t\t\t<div class=\"elementor-widget-wrap elementor-element-populated\">\n\t\t\t\t\t\t<div class=\"elementor-element elementor-element-bc3473a elementor-widget__width-initial elementor-widget elementor-widget-text-editor\" data-id=\"bc3473a\" data-element_type=\"widget\" data-widget_type=\"text-editor.default\">\n\t\t\t\t<div class=\"elementor-widget-container\">\n\t\t\t\t\t\t\t\t\t<h3 style=\"text-align: right;\">Desde hoy, <span style=\"color: #339966;\"><strong>esc\u00fachanos en vivo aqu\u00ed<\/strong><\/span><\/h3>\n\t\t\t\t\t\t\t\t<\/div>\n\t\t\t\t<\/div>\n\t\t\t\t\t<\/div>\n\t\t<\/div>\n\t\t\t\t<div class=\"elementor-column elementor-col-25 elementor-top-column elementor-element elementor-element-7f56e62\" data-id=\"7f56e62\" data-element_type=\"column\">\n\t\t\t<div class=\"elementor-widget-wrap elementor-element-populated\">\n\t\t\t\t\t\t<div class=\"elementor-element elementor-element-753ea5b elementor-widget elementor-widget-html\" data-id=\"753ea5b\" data-element_type=\"widget\" data-widget_type=\"html.default\">\n\t\t\t\t<div class=\"elementor-widget-container\">\n\t\t\t\t\t<div class=\"radio_player\" data-player-type=\"shortcode\"data-data=\"eyJpZCI6MSwidGl0bGUiOiJQbGF5ZXIgVGl0bGUiLCJzdGlja3kiOmZhbHNlLCJzdGF0dXMiOnRydWUsInNraW4iOiJza2luMyIsInN0YXRpb25zIjpbeyJ0aXRsZSI6IlJhZGlvIENBVENFIiwic3RyZWFtIjoiaHR0cHM6XC9cL3N0cmVhbS56ZW5vLmZtXC94Nnhmc3JwN25mOXV2P2FkdG9ub3NMaXN0ZW5lcklkPTAxSk5ITldHWlAxQ1JGS0IyMFJaUksyNEhSJmF3XzBfcmVxX2xzaWQ9NzA1MjcwNTAyMmMzYTc1MDU1Njg1YjU0NmI1OTM1NDcmYWN1LXVpZD0xMTgxNzQ4NDM1OTYzJmFuLXVpZD0yNTc5NDYzMDI1NzUyOTM3MjE0JmRvdC11aWQ9MGI2ZTIyMDQwMDFhZTMwNTkzMmNkZmNlJnRyaXRvbi11aWQ9Y29va2llJTNBYzVmZDA5MjAtNzkwZS00NWFmLThhZjktMTEyZjk5YzIyZGI0JmRibS11aWQ9Q0FFU0VFS19udzRpTnd2OGFIaWZhbEpYVVBZJmN0by11aWQ9M2RlZmUwYWYtYzFkNy00MWFjLTg5YjUtYTNhMTM4NDJiMGRiLTY1ZjA0ZDMzLTU1NTMmYnN3LXVpZD1hZGZhN2UxNy1lNTAzLTQ0Y2EtOWY4YS1jNDdkMzdmOTIzOWEmZHluLXVpZD0zOTE3NDQwNDQ0MzQwNjY0NDEzJnR0ZC11aWQ9YmY5NGM2Y2UtNjA3NC00ZjYzLTkzMTQtNWYyYTVmOGE4M2U1JmFtYi11aWQ9NzQ4Mzc0NzE0NTI2MzE2MTM1NCZiZWUtdWlkPUFBQWI5RTdMNEpvQUFCU3l1U0JiTWciLCJ0aHVtYm5haWwiOiJodHRwczpcL1wvZWR1Y2F0Y2UuY2xcL3JhZGlvXC93cC1jb250ZW50XC9wbHVnaW5zXC9yYWRpby1wbGF5ZXJcL2Fzc2V0c1wvaW1hZ2VzXC9wbGFjZWhvbGRlci5wbmcifV0sImF1dG9wbGF5IjpmYWxzZSwicG9wdXBfaWNvbiI6ZmFsc2UsInBsYXlsaXN0X2ljb24iOmZhbHNlLCJoaXN0b3J5X2ljb24iOmZhbHNlLCJ2b2x1bWVfY29udHJvbCI6dHJ1ZSwicGxheWVyX3N0YXR1cyI6dHJ1ZSwic2hvd19hcnRpc3QiOmZhbHNlLCJzaG93X2FydHdvcmsiOmZhbHNlLCJwbGF5ZXJfdGV4dCI6Ikxpc3RlbiBMaXZlIiwid2lkdGgiOjQwNSwid2lkdGhfbW9iaWxlIjozMDAsImJvcmRlcl9yYWRpdXMiOjUsImJnX2NvbG9yIjoiI2Y0ZjdmOSIsImJnX2ltYWdlIjoiaHR0cHM6XC9cL2VkdWNhdGNlLmNsXC9yYWRpb1wvd3AtY29udGVudFwvcGx1Z2luc1wvcmFkaW8tcGxheWVyXC9hc3NldHNcL2ltYWdlc1wvcGxheWVyLWJnLnBuZyIsImJnX3R5cGUiOiJjb2xvciIsImNvbG9yX3R5cGUiOiJzb2xpZCIsInRleHRfY29sb3IiOiIjNUM2MzdFIiwiYm94X3NoYWRvdyI6dHJ1ZSwiYm94X3NoYWRvd19oIjowLCJib3hfc2hhZG93X3YiOjAsImJveF9zaGFkb3dfYmx1ciI6MCwiYm94X3NoYWRvd19zcHJlYWQiOjAsImJveF9zaGFkb3dfY29sb3IiOiIjZmEwODA4IiwiYm94X3NoYWRvd190eXBlIjoiaW5zZXQiLCJzaG93X3Byb2dyZXNzYmFyIjp0cnVlLCJ3aWR0aF9kZXZpY2UiOiJkZXNrdG9wIiwic2hvd190aXRsZSI6ZmFsc2V9\"><\/div>\t\t\t\t<\/div>\n\t\t\t\t<\/div>\n\t\t\t\t\t<\/div>\n\t\t<\/div>\n\t\t\t\t<div class=\"elementor-column elementor-col-25 elementor-top-column elementor-element elementor-element-e40111d\" data-id=\"e40111d\" data-element_type=\"column\">\n\t\t\t<div class=\"elementor-widget-wrap\">\n\t\t\t\t\t\t\t<\/div>\n\t\t<\/div>\n\t\t\t\t\t<\/div>\n\t\t<\/section>\n\t\t\t\t<section class=\"elementor-section elementor-top-section elementor-element elementor-element-b911ace elementor-section-stretched elementor-hidden-desktop elementor-hidden-tablet elementor-section-boxed elementor-section-height-default elementor-section-height-default\" data-id=\"b911ace\" data-element_type=\"section\" data-settings=\"{&quot;background_background&quot;:&quot;classic&quot;,&quot;stretch_section&quot;:&quot;section-stretched&quot;}\">\n\t\t\t\t\t\t<div class=\"elementor-container elementor-column-gap-default\">\n\t\t\t\t\t<div class=\"elementor-column elementor-col-25 elementor-top-column elementor-element elementor-element-7f3199b\" data-id=\"7f3199b\" data-element_type=\"column\">\n\t\t\t<div class=\"elementor-widget-wrap\">\n\t\t\t\t\t\t\t<\/div>\n\t\t<\/div>\n\t\t\t\t<div class=\"elementor-column elementor-col-25 elementor-top-column elementor-element elementor-element-15f893a\" data-id=\"15f893a\" data-element_type=\"column\">\n\t\t\t<div class=\"elementor-widget-wrap elementor-element-populated\">\n\t\t\t\t\t\t<div class=\"elementor-element elementor-element-e595731 elementor-widget__width-initial elementor-widget elementor-widget-text-editor\" data-id=\"e595731\" data-element_type=\"widget\" data-widget_type=\"text-editor.default\">\n\t\t\t\t<div class=\"elementor-widget-container\">\n\t\t\t\t\t\t\t\t\t<h3 style=\"text-align: center;\">Esc\u00fachanos<span style=\"color: #339966;\"><strong> en vivo aqu\u00ed\u00a0<\/strong><\/span><\/h3>\n\t\t\t\t\t\t\t\t<\/div>\n\t\t\t\t<\/div>\n\t\t\t\t\t<\/div>\n\t\t<\/div>\n\t\t\t\t<div class=\"elementor-column elementor-col-25 elementor-top-column elementor-element elementor-element-84a652e\" data-id=\"84a652e\" data-element_type=\"column\">\n\t\t\t<div class=\"elementor-widget-wrap elementor-element-populated\">\n\t\t\t\t\t\t<div class=\"elementor-element elementor-element-0736cec elementor-widget elementor-widget-html\" data-id=\"0736cec\" data-element_type=\"widget\" data-widget_type=\"html.default\">\n\t\t\t\t<div class=\"elementor-widget-container\">\n\t\t\t\t\t<div class=\"radio_player\" data-player-type=\"shortcode\"data-data=\"eyJpZCI6MSwidGl0bGUiOiJQbGF5ZXIgVGl0bGUiLCJzdGlja3kiOmZhbHNlLCJzdGF0dXMiOnRydWUsInNraW4iOiJza2luMyIsInN0YXRpb25zIjpbeyJ0aXRsZSI6IlJhZGlvIENBVENFIiwic3RyZWFtIjoiaHR0cHM6XC9cL3N0cmVhbS56ZW5vLmZtXC94Nnhmc3JwN25mOXV2P2FkdG9ub3NMaXN0ZW5lcklkPTAxSk5ITldHWlAxQ1JGS0IyMFJaUksyNEhSJmF3XzBfcmVxX2xzaWQ9NzA1MjcwNTAyMmMzYTc1MDU1Njg1YjU0NmI1OTM1NDcmYWN1LXVpZD0xMTgxNzQ4NDM1OTYzJmFuLXVpZD0yNTc5NDYzMDI1NzUyOTM3MjE0JmRvdC11aWQ9MGI2ZTIyMDQwMDFhZTMwNTkzMmNkZmNlJnRyaXRvbi11aWQ9Y29va2llJTNBYzVmZDA5MjAtNzkwZS00NWFmLThhZjktMTEyZjk5YzIyZGI0JmRibS11aWQ9Q0FFU0VFS19udzRpTnd2OGFIaWZhbEpYVVBZJmN0by11aWQ9M2RlZmUwYWYtYzFkNy00MWFjLTg5YjUtYTNhMTM4NDJiMGRiLTY1ZjA0ZDMzLTU1NTMmYnN3LXVpZD1hZGZhN2UxNy1lNTAzLTQ0Y2EtOWY4YS1jNDdkMzdmOTIzOWEmZHluLXVpZD0zOTE3NDQwNDQ0MzQwNjY0NDEzJnR0ZC11aWQ9YmY5NGM2Y2UtNjA3NC00ZjYzLTkzMTQtNWYyYTVmOGE4M2U1JmFtYi11aWQ9NzQ4Mzc0NzE0NTI2MzE2MTM1NCZiZWUtdWlkPUFBQWI5RTdMNEpvQUFCU3l1U0JiTWciLCJ0aHVtYm5haWwiOiJodHRwczpcL1wvZWR1Y2F0Y2UuY2xcL3JhZGlvXC93cC1jb250ZW50XC9wbHVnaW5zXC9yYWRpby1wbGF5ZXJcL2Fzc2V0c1wvaW1hZ2VzXC9wbGFjZWhvbGRlci5wbmcifV0sImF1dG9wbGF5IjpmYWxzZSwicG9wdXBfaWNvbiI6ZmFsc2UsInBsYXlsaXN0X2ljb24iOmZhbHNlLCJoaXN0b3J5X2ljb24iOmZhbHNlLCJ2b2x1bWVfY29udHJvbCI6dHJ1ZSwicGxheWVyX3N0YXR1cyI6dHJ1ZSwic2hvd19hcnRpc3QiOmZhbHNlLCJzaG93X2FydHdvcmsiOmZhbHNlLCJwbGF5ZXJfdGV4dCI6Ikxpc3RlbiBMaXZlIiwid2lkdGgiOjQwNSwid2lkdGhfbW9iaWxlIjozMDAsImJvcmRlcl9yYWRpdXMiOjUsImJnX2NvbG9yIjoiI2Y0ZjdmOSIsImJnX2ltYWdlIjoiaHR0cHM6XC9cL2VkdWNhdGNlLmNsXC9yYWRpb1wvd3AtY29udGVudFwvcGx1Z2luc1wvcmFkaW8tcGxheWVyXC9hc3NldHNcL2ltYWdlc1wvcGxheWVyLWJnLnBuZyIsImJnX3R5cGUiOiJjb2xvciIsImNvbG9yX3R5cGUiOiJzb2xpZCIsInRleHRfY29sb3IiOiIjNUM2MzdFIiwiYm94X3NoYWRvdyI6dHJ1ZSwiYm94X3NoYWRvd19oIjowLCJib3hfc2hhZG93X3YiOjAsImJveF9zaGFkb3dfYmx1ciI6MCwiYm94X3NoYWRvd19zcHJlYWQiOjAsImJveF9zaGFkb3dfY29sb3IiOiIjZmEwODA4IiwiYm94X3NoYWRvd190eXBlIjoiaW5zZXQiLCJzaG93X3Byb2dyZXNzYmFyIjp0cnVlLCJ3aWR0aF9kZXZpY2UiOiJkZXNrdG9wIiwic2hvd190aXRsZSI6ZmFsc2V9\"><\/div>\t\t\t\t<\/div>\n\t\t\t\t<\/div>\n\t\t\t\t\t<\/div>\n\t\t<\/div>\n\t\t\t\t<div class=\"elementor-column elementor-col-25 elementor-top-column elementor-element elementor-element-f0fb2ae\" data-id=\"f0fb2ae\" data-element_type=\"column\">\n\t\t\t<div class=\"elementor-widget-wrap\">\n\t\t\t\t\t\t\t<\/div>\n\t\t<\/div>\n\t\t\t\t\t<\/div>\n\t\t<\/section>\n\t\t\t\t<\/div>\n\t\t","protected":false},"excerpt":{"rendered":"<p>TRANSMISI\u00d3N 24 \/ 7 QUE SORPRENDE TRANSMISI\u00d3N 24 \/ 7 Desde hoy, esc\u00fachanos en vivo aqu\u00ed Esc\u00fachanos en vivo aqu\u00ed\u00a0<\/p>\n<div class=\"pvc_clear\"><\/div>\n<p id=\"pvc_stats_5008\" class=\"pvc_stats all  \" data-element-id=\"5008\" style=\"\"><i class=\"pvc-stats-icon medium\" aria-hidden=\"true\"><svg aria-hidden=\"true\" focusable=\"false\" data-prefix=\"far\" data-icon=\"chart-bar\" role=\"img\" xmlns=\"http:\/\/www.w3.org\/2000\/svg\" viewBox=\"0 0 512 512\" class=\"svg-inline--fa fa-chart-bar fa-w-16 fa-2x\"><path fill=\"currentColor\" d=\"M396.8 352h22.4c6.4 0 12.8-6.4 12.8-12.8V108.8c0-6.4-6.4-12.8-12.8-12.8h-22.4c-6.4 0-12.8 6.4-12.8 12.8v230.4c0 6.4 6.4 12.8 12.8 12.8zm-192 0h22.4c6.4 0 12.8-6.4 12.8-12.8V140.8c0-6.4-6.4-12.8-12.8-12.8h-22.4c-6.4 0-12.8 6.4-12.8 12.8v198.4c0 6.4 6.4 12.8 12.8 12.8zm96 0h22.4c6.4 0 12.8-6.4 12.8-12.8V204.8c0-6.4-6.4-12.8-12.8-12.8h-22.4c-6.4 0-12.8 6.4-12.8 12.8v134.4c0 6.4 6.4 12.8 12.8 12.8zM496 400H48V80c0-8.84-7.16-16-16-16H16C7.16 64 0 71.16 0 80v336c0 17.67 14.33 32 32 32h464c8.84 0 16-7.16 16-16v-16c0-8.84-7.16-16-16-16zm-387.2-48h22.4c6.4 0 12.8-6.4 12.8-12.8v-70.4c0-6.4-6.4-12.8-12.8-12.8h-22.4c-6.4 0-12.8 6.4-12.8 12.8v70.4c0 6.4 6.4 12.8 12.8 12.8z\" class=\"\"><\/path><\/svg><\/i> <img loading=\"lazy\" decoding=\"async\" width=\"16\" height=\"16\" alt=\"Loading\" src=\"https:\/\/educatce.cl\/radio\/wp-content\/plugins\/page-views-count\/ajax-loader-2x.gif\" border=0 \/><\/p>\n<div class=\"pvc_clear\"><\/div>\n","protected":false},"author":1,"featured_media":0,"parent":0,"menu_order":0,"comment_status":"closed","ping_status":"closed","template":"","meta":{"footnotes":""},"class_list":["post-5008","page","type-page","status-publish","hentry"],"_links":{"self":[{"href":"https:\/\/educatce.cl\/radio\/wp-json\/wp\/v2\/pages\/5008","targetHints":{"allow":["GET"]}}],"collection":[{"href":"https:\/\/educatce.cl\/radio\/wp-json\/wp\/v2\/pages"}],"about":[{"href":"https:\/\/educatce.cl\/radio\/wp-json\/wp\/v2\/types\/page"}],"author":[{"embeddable":true,"href":"https:\/\/educatce.cl\/radio\/wp-json\/wp\/v2\/users\/1"}],"replies":[{"embeddable":true,"href":"https:\/\/educatce.cl\/radio\/wp-json\/wp\/v2\/comments?post=5008"}],"version-history":[{"count":189,"href":"https:\/\/educatce.cl\/radio\/wp-json\/wp\/v2\/pages\/5008\/revisions"}],"predecessor-version":[{"id":6609,"href":"https:\/\/educatce.cl\/radio\/wp-json\/wp\/v2\/pages\/5008\/revisions\/6609"}],"wp:attachment":[{"href":"https:\/\/educatce.cl\/radio\/wp-json\/wp\/v2\/media?parent=5008"}],"curies":[{"name":"wp","href":"https:\/\/api.w.org\/{rel}","templated":true}]}}